6 = -12*o - 2*n, 8*n - 10*n = -3*o + 246664. Is o a composite number?
True
Suppose 4*j + 41 = 5*n, 0*n - 23 = 3*j + 4*n. Let p be (-1)/(j + 5) - 9562/8. Let k = 2060 + p. Is k prime?
False
Let n be (-1)/(-4) - (-44)/16. Suppose -n*f = -11*f - 5432. Let v = 2036 + f. Is v prime?
False
Let c = 47376 + -23119. Is c composite?
True
Let q be 4/8 - (-10)/(-4). Let r be q/(8/(-2) - -3). Suppose r*n - 886 = 4*o, -5*n - 2*o - 3*o = -2230. Is n a prime number?
False
Suppose 4*i - 7 = 25. Suppose w - 4*w + 1982 = 2*g, 0 = 4*g + i. Suppose -3*f - w = -5*f. Is f a composite number?
False
Suppose 5*u + 39099 = 4*u + 4*u. Is u prime?
True
Let x be (-14)/56*20 - (0 - 31862). Let o = -9736 + x. Is o a prime number?
False
Suppose 14*y - 281399 - 104903 = 0. Is y a prime number?
False
Suppose -25*p - 2738 = -26*p. Suppose 5*h + p = -4*l + 32994, -l - 4*h = -7575. Is l a prime number?
True
Let t(s) = 2*s**3 + 5*s**2 - 9*s - 6. Let o be t(8). Let l = 1800 - o. Suppose l = 5*n + 119. Is n a prime number?
True
Suppose 0 = 4*g + 4*o - 5428, -5*g - 4*o + 3*o = -6769. Suppose 3850 = -5*n - 5*x, -2*n - 871 = -2*x + 669. Let y = g + n. Is y composite?
True
Let s = -36455 + 99648. Is s a composite number?
True
Let s be 6/((4 - (-45)/(-12))*6). Let u be (32/28)/s - (-79080)/21. Suppose -5*j = 5*l - 8240, -u = -5*l + 4*j + 4501. Is l a composite number?
True
Let z(u) = u**2 - 20*u + 22. Let n be z(18). Let v(g) be the second derivative of -17*g**3/2 - 5*g**2/2 + 68*g. Is v(n) a prime number?
True
Suppose -4*f + 5*i + 279061 = 0, -5*f + 4*i + 0*i = -348815. Let z = -33542 + f. Is z a prime number?
True
Let s = 168653 + 94448. Is s composite?
False
Let p(g) be the first derivative of -5*g**4/4 - 3*g**3 + 17*g**2/2 - 22*g - 6698. Let x be 4/6 - 58/6. Is p(x) a composite number?
False
Let w(a) be the third derivative of -7*a**6/24 - a**5/15 + a**4/6 + 5*a**3/3 - 1108*a**2. Suppose 6 = -3*z - 3. Is w(z) composite?
False
Let g(j) = 116*j**2 - 63*j + 277. Is g(28) composite?
True
Suppose 115*j - 137*j - 75262 = 0. Let n = 10130 - j. Is n prime?
False
Suppose -2*p - w + 4 = w, -5*w = -5*p + 30. Suppose 6*z - 12 = 3*z + 3*a, -29 = -5*z - p*a. Suppose 762 + 698 = 5*b - z*j, 4*b + j - 1183 = 0. Is b composite?
True
Let q(y) = -3560*y - 877. Is q(-18) prime?
False
Suppose b + 141333 = 3*s, 0*b + 5*b + 235555 = 5*s. Is s a composite number?
False
Let v(z) = 6*z**3 - 82*z**2 + 34*z + 49. Let w(p) = -13*p**3 + 166*p**2 - 68*p - 98. Let c(u) = -9*v(u) - 4*w(u). Is c(33) prime?
True
Let m be 625/2 - ((-6)/(-4) - 2). Let s be (-2)/(-4)*(6 + -5 + m). Let d = s - -466. Is d prime?
False
Let h = 73 + -69. Suppose 13*m = 8*m + 4*r + 4093, 0 = h*m - 5*r - 3269. Is m a prime number?
True
Let d(h) = 142*h**2 + 4*h - 5. Let z(s) = -s - 1. Let w(y) = d(y) - z(y). Let i be 2*2/(-12)*9. Is w(i) a composite number?
False
Let x = -35 - -40. Suppose -x*w + 22738 - 6988 = 0. Suppose 5*h - z - 574 = w, 0 = 5*h - 3*z - 3722. Is h composite?
True
Let t be (-3 - -2)/(4 + (0 - 3)). Let i be ((-1)/(t/3))/(6/7278). Suppose 30*v - i = 27*v. Is v prime?
True
Let l = -2 + 20. Suppose 3*f - c = 9 + 5, -4*f + l = -c. Suppose d + 2528 = 2*u, -f*u - u = 3*d - 6298. Is u a prime number?
False
Suppose -273*z - 1357204 = 269*z - 546*z. Is z prime?
False
Let v = 147 - 145. Suppose -4*r + 2617 = g, 4*r + v*g = 6*r - 1296. Is r a composite number?
False
Let r(j) = 2*j**3 - 7*j**2 + 3*j - 23. Let v be r(4). Suppose 0 = v*x - 3*x + 2, -3*f = -x - 25816. Is f a prime number?
False
Let a be 1069/(-5 - (-33)/6). Let y = 4027 - a. Is y a prime number?
True
Is (-184958 - -40)/((-15)/(-20) + (-11)/4) a prime number?
True
Is (2093/(-14))/((-3)/2598) + 6 composite?
True
Suppose -k - 10*p + 11834 = -7*p, 2*k = 2*p + 23700. Is k prime?
False
Let b be ((-252)/24)/((-6)/1060). Let a = b - -14430. Is a prime?
False
Let d(n) = 2899*n**2 + 306*n - 1494. Is d(5) composite?
True
Suppose -4*c - 213 = -c + 3*b, -5*c - 371 = b. Is (-2626)/(-39)*c/(-10) a prime number?
False
Let q be 0 + 1 + 1 + 2. Let p be 2 + ((-3)/(-3))/(q/(-8)). Suppose -1011 = -3*t - p*t. Is t composite?
False
Let w = -3611 - -33258. Is w a prime number?
False
Suppose 47*h + 841206 = 2*g + 43*h, -g + 5*h + 420606 = 0. Is g composite?
True
Suppose 0 = -y - 0*k + 4*k + 22, 3*y = 2*k + 16. Suppose n = 3*n + y*z - 4524, -5*n + 2*z = -11275. Is n prime?
False
Suppose 0 = -2*s + 5*p + 331574, 2*s + 5*p = 467571 - 135957. Is s a prime number?
False
Is 506438/(-3)*(-36)/24 composite?
True
Suppose -4*p - 4 = -12. Let c = 132 - 65. Suppose p*x - c = 115. Is x composite?
True
Suppose 65212 = 6*v - 147410. Is v a composite number?
False
Suppose -1721 = -m - 0*i + 4*i, 2*m = -3*i + 3464. Let u = 2917 - m. Suppose -2*a + 3*q + 1173 = 0, 2*a + 2*q + 0*q - u = 0. Is a prime?
False
Suppose 0 = 4*h - 3*s - 16190, -2*h + 284*s = 280*s - 8090. Is h composite?
False
Suppose -11*u - 3*u = -42. Is u/9 - (39512/(-12) + 0) composite?
True
Suppose -26*i + 242 = -148. Suppose -i*n = -20*n + 14605. Is n a composite number?
True
Let n = -10930 - -17854. Suppose 3*y + n = 4*f, 0 = 5*f - y + 6*y - 8655. Suppose 3313 = 4*r - f. Is r a prime number?
False
Suppose -65 = 16*y - 17. Let k(m) = m**2 - 8*m + 3. Let d be k(7). Is -103*d/(7 + y) a prime number?
True
Let t = 1872 - 7787. Let r = -2308 - t. Is r a prime number?
True
Let f = -140499 - -244246. Is f prime?
False
Suppose -26167 = -2*y - 5*j, -2*y + 3*y - 3*j - 13100 = 0. Suppose 3343 = 4*a + y. Let u = 4344 + a. Is u composite?
False
Suppose -3*a - 9 = 3*p, -4*p + a + 4 - 1 = 0. Suppose -2*i + 3*w + 791 = p, 0*w + 2*w + 1972 = 5*i. Suppose i = 3*q - 3*u - 212, -u = -2*q + 403. Is q prime?
False
Is (-1213185)/(-1116) + 6/(-72) a prime number?
True
Let f be 4/4 + (1 - 2716). Let z = -12128 - -18255. Let c = z + f. Is c a composite number?
False
Suppose -5*l - 15 = -25. Suppose -l*f - 8*s = -3*s, 5*f = -2*s + 21. Suppose 3074 = f*y - 1361. Is y a composite number?
False
Is -56 + 52 + (235391 - 0) a prime number?
False
Let x = -497531 + 945348. Is x prime?
True
Let q(c) = c**3 + c**2 + c + 1. Let x(u) = -302*u**3 + 2*u**2 + 4*u - 3. Let v(h) = 4*q(h) - x(h). Is v(3) composite?
False
Let m = -4 + 8. Let l(r) = -10*r**3 - 10*r**2 + 12*r + 3. Let n(u) = 5*u**3 + 5*u**2 - 6*u - 2. Let i(d) = -3*l(d) - 5*n(d). Is i(m) composite?
True
Is -3 - (10 - -1)*(-1504 - -2) a composite number?
False
Let j = -1165 + -847. Let d = -1079 - j. Is d prime?
False
Let l be (3 - 2)*-10 - -4. Let b be 208/l*(-99)/22. Suppose -352 - b = -4*n. Is n a composite number?
False
Suppose 0 = 7*f - 26 - 2. Suppose 0 = -4*q + d + 48792, -3*q + f*d - 5557 = -42164. Is q a prime number?
True
Let p be 58/6*1 + 4/(-6). Let h(v) = -29*v**3 - 4*v**2 - 5*v - 2. Let t be h(-3). Suppose p*r = t + 2741. Is r prime?
True
Suppose 457*u + 18223504 = 473*u. Is u a prime number?
False
Suppose 10 = 5*p - 2*o, -6*p + 3*p - 15 = 3*o. Suppose 0*d = d - i - 10, 4*i - 32 = -4*d. Is (p + -97)/((-9)/d) a composite number?
False
Suppose 50610*s - 829016 = 50602*s. Is s a composite number?
True
Suppose 2*t - 44 = 3*k - 8*k, 62 = 2*t - 4*k. Let w = t - 33. Is -639*(1 + 1)/w prime?
False
Suppose -4*x + u + 15 = 0, -3*u + 3 = -4*x + 8*x. Suppose -m - x*b = -4*b - 209, 5*m - 2*b - 1051 = 0. Suppose -68*f + 69*f = m. Is f a prime number?
True
Is (436/10 - -1)*(34584/33 + 7) a prime number?
False
Suppose 5*i - 3087068 = -105505 + 2829402. Is i a prime number?
True
Suppose 3*b + 1084634 = 4*d, -3*b = 2*d - 249765 - 292579. Is d a composite number?
False
Suppose -3*h = -5*b + 2309 + 2740, -b - 4*h + 1019 = 0. Let q(m) = -63*m**3 + m**2 - 10*m - 16. Let p be q(-2). Let o = b - p. Is o a prime number?
True
Let u = 714 - 490. Let z = u - 127. Is z a composite number?
False
Is 912/66 - 14 - (-10119621)/33 a composite number?
True
Suppose 70*b - 7618086 = 14081284. Is b prime?
False
Is (2046 - 2041) + ((-647346)/(-2) - 1) composite?
True
Is 15036095/37 + (-8)/(-148) a prime number?
True
Let s(z) = 11*z - 108. Suppose 0 = -2*r - 9*r + 242. Is s(r) a composite number?
True
Suppose -3*q - 2*k = -1830087, -144*k + 142*k = -7*q + 4270223. Is q composite?
False
Let a = 308572 - 133311. Is a composite?
False
Suppose 4*l - 4919 = -b, -2*l + 664 + 14053 = 3*b. Is b prime?
True
Let g = 117876 + -38675. Is g a prime number?
True
Let p